 - 54 = -474. Suppose -4*q + 4*a + 140 = 0, -5*q = -q + 3*a - i. What is the highest common divisor of k and q?
15
Let z(s) = s**3 - 4*s**2 - 22*s + 25. Let h be z(8). What is the highest common divisor of 21 and h?
21
Suppose 10 = -w - w. Let h be 1/1 + w/(-1). Suppose -2*b = 4, 3*r + 3*b + 27 = h*r. Calculate the highest common factor of r and 35.
7
Let y = -418 - -436. What is the highest common divisor of 450 and y?
18
Let c be 1 + (-88)/(-4 + 0). Let p = 230 - c. Calculate the greatest common divisor of 23 and p.
23
Suppose 3*o - 6 = 5*o. Let i(m) = -4*m. Let l be i(o). Let w be (-9)/l - (-117)/12. What is the greatest common factor of 6 and w?
3
Suppose -31*w = -28*w - 12. Suppose -3*n = -w*m + 413, -5*m + 5*n + 256 = -259. Calculate the highest common factor of m and 13.
13
Let m = -806 + 1023. Calculate the greatest common factor of m and 62.
31
Suppose -32*l + 193 = -29*l - 5*d, 2 = 2*d. What is the greatest common divisor of l and 9?
3
Let h(c) = 16*c + 8. Suppose -8 = -2*t, 0 = 2*f - 4*t - 5 - 1. Suppose -l + f = 1. Let g be h(l). Calculate the highest common divisor of g and 24.
24
Let n(i) = -6*i - 45. Let p be n(-14). Let f be (p/(-78))/(-1*(-2)/(-40)). Let w be 1 + 48 + -1 + 2. Calculate the highest common factor of f and w.
10
Let i be (-3)/(3 - (-102)/(-33)). What is the highest common divisor of 121 and i?
11
Let a = -2 - -71. Let i = a - 54. Suppose -c - 2*f + 11 = -0*f, -4*c = -3*f. Calculate the greatest common divisor of i and c.
3
Let q = -1 - -17. Suppose 0*g + 640 = 5*g. Calculate the highest common factor of g and q.
16
Let a(f) = -f**2 - 5*f - 2. Let b be a(-4). Suppose 11 - 145 = -b*h. Suppose 0 = -5*n - 22 + h. Calculate the highest common factor of n and 9.
9
Let l = 703 - 463. What is the greatest common factor of l and 96?
48
Let m = 1067 - 649. What is the highest common divisor of 22 and m?
22
Suppose -3*n - 9 = 0, -3*n = -3*d + n + 357. Let w be ((-224)/16 - -59) + (-1)/(-1). Calculate the greatest common divisor of w and d.
23
Let w be 1 + 2 - ((2 - 0) + 7). Let d be (7 + w)/(1/16). Calculate the greatest common divisor of d and 112.
16
Suppose 2*k = 4*x + 106, -3*k + 2*x = 57 - 200. What is the greatest common divisor of k and 6?
3
Let t(f) = -f**2 - 19*f + 8. Let b be t(-14). Suppose -5*y = -3*o - 118, 3*y - 86 = -0*y - 2*o. What is the highest common factor of y and b?
26
Let z be (-70)/(-9) - 2/(-9). Suppose 49 = 4*x + 5*u, 4*x = -z*u + 4*u + 44. Calculate the highest common divisor of 24 and x.
6
Let w = -93 + 57. Let n be w + (-9)/(18/8). Let v be n/((-3 - -4)/(-1)). What is the greatest common factor of v and 100?
20
Suppose 0 = 12*b - 4*b - 168. Suppose -g = -463 + 186. Let t = -130 + g. What is the highest common factor of b and t?
21
Suppose -5*f = -0*p + p - 80, 10 = 2*f - 4*p. Suppose 2*m - 11 = -j + 3, -5*m + 3*j + 46 = 0. Let y = m - 3. What is the highest common divisor of f and y?
5
Let l be (-3)/(-5) - (-441)/15. What is the highest common divisor of l and 12?
6
Let o(v) = 161*v**2 + v - 1. Let j be o(1). Suppose 11*t - 6*t = 115. What is the highest common factor of j and t?
23
Let g(d) = d + 10. Let n be g(-9). Let p(u) = 6*u**2 - 3 + n + 6*u**2 + u. Let t be p(-2). What is the greatest common factor of t and 66?
22
Let t be (-2)/(-1) - (-11 + 3). Let h be -5*(-16)/20*-2. Let j = h + t. What is the greatest common divisor of 10 and j?
2
Let o(y) = 2*y - 16. Let g be o(9). Suppose -r - 2*u + 89 = -0*u, g*r + 3*u = 179. Calculate the highest common factor of 13 and r.
13
Suppose 267 = 4*h + b + 2*b, 0 = -4*h - 4*b + 264. What is the greatest common factor of 299 and h?
23
Suppose n = 0, n - 160 = -4*b + 3*n. What is the highest common factor of b and 56?
8
Suppose 10*r - 78 = 13*r. Let v = -17 - r. Calculate the greatest common factor of v and 63.
9
Let d(u) = 8*u - 44. Let j be d(-19). Let c = -91 - j. Suppose 5*p - 5*z - 105 = 0, 5*p - 4*z = -0*z + 105. What is the highest common divisor of c and p?
21
Let x = -64 + 74. Let r be (-12)/10*(-80)/24. Calculate the highest common factor of r and x.
2
Let j be 8*((-25)/(-10) - 3). Let y be (j + 105/(-12))/(9/(-96)). Calculate the greatest common factor of 17 and y.
17
Let s = 54 + -32. Suppose -4*m = s - 130. Suppose -2*w + 14 = -0*k - k, 5*k - 47 = -3*w. What is the highest common factor of m and w?
9
Let p be 9/90*10*(104 + 0). Calculate the highest common factor of p and 182.
26
Let v = -1074 + 1086. Let a = -204 - -288. Calculate the highest common divisor of v and a.
12
Suppose -t + 30 - 28 = 0. Suppose 0 = 4*x + 3*a - 43, -4*x - 2*a + t = -36. What is the greatest common divisor of x and 7?
7
Suppose -3*s - 171 = -4*a, 4*s = s - 3. Let l be 6/(-10) + 318/5. Suppose l = -3*h + 4*h. Calculate the highest common factor of a and h.
21
Suppose -17 - 19 = -12*k. Suppose -a + 134 = 2*v, k*a - 4*v + 3*v = 388. What is the greatest common factor of 10 and a?
10
Let u be (22 - -1)/(1 + (-6)/9). What is the greatest common divisor of 69 and u?
69
Let n = 427 + -329. Calculate the highest common divisor of 42 and n.
14
Let x(n) = 9*n**2 + 15*n + 22. Let g be x(-5). Let u = -110 + g. What is the highest common divisor of 310 and u?
62
Suppose 0 = 5*c - 118 + 18. Let l = 24 + -4. Calculate the greatest common divisor of l and c.
20
Suppose 3*r - h = 7*r - 212, -4*h + 224 = 4*r. What is the highest common divisor of r and 39?
13
Let f(q) = 5*q**3 + 2 + 3 - 1 + 0*q - 3*q. Let b be f(2). Calculate the greatest common factor of 19 and b.
19
Suppose -3*a - x + 76 = 0, 53 + 97 = 5*a - 3*x. Suppose 592 - 52 = 4*y. What is the highest common divisor of y and a?
27
Let i be -14*15/(-385) - 8233/(-11). What is the highest common factor of i and 7?
7
Let b be 1452/26 + (-50)/(-325). Calculate the greatest common divisor of 1246 and b.
14
Suppose 0*j - 52 = -5*h - j, -2*h + 4*j + 34 = 0. Suppose -o - 5*i + 0 = 4, 0 = 4*o - 2*i - 6. What is the highest common factor of h and o?
1
Let b be 1*(-30)/(-4)*(-20)/(-15). What is the greatest common factor of b and 35?
5
Suppose -15*t + 13*t + 228 = 0. Calculate the greatest common factor of 48 and t.
6
Let j = 20 - -16. Suppose -28 = 3*y + 2*z, 2*y + j = -2*y - 3*z. Let b = y + 27. Calculate the greatest common factor of b and 15.
15
Let q(f) = 3*f + 2. Let v be q(8). Suppose i = 5*u + 20130, 5*u - 3*i = i - 20145. Let c be (-3)/2 + u/(-14). Calculate the highest common divisor of v and c.
26
Let d(c) = -3*c**2 - 93*c - 36. Let h be d(-30). Let x = 12 + -6. What is the greatest common divisor of h and x?
6
Suppose -23*f - 245 = -30*f. Calculate the highest common divisor of f and 70.
35
Suppose -561 + 1689 = 24*i. What is the highest common factor of 1739 and i?
47
Let x(v) = 11*v**2 + 2*v**2 + 4*v - 6*v**2 + 5*v**2. Let h be x(-2). Calculate the highest common divisor of h and 4.
4
Let w = 35 - 43. Let a(z) = -4*z - 23. Let h be a(w). Let l(j) = 2*j**2 - 6*j + 7. Let b be l(5). What is the highest common factor of b and h?
9
Let b = 1828 + -1633. Calculate the greatest common divisor of 429 and b.
39
Let h = 273 - 261. Suppose -2*r + 4*z - 344 = -120, -2*z - 108 = r. Let v = r - -158. Calculate the highest common factor of v and h.
12
Let f be (-4)/(-28) - (-54)/14. Suppose 4*b = f*c + 112 + 28, 0 = 2*b - 4*c - 80. Suppose -k = k - b. Calculate the greatest common factor of 3 and k.
3
Suppose -1396 - 49 = -5*t. What is the highest common divisor of 17 and t?
17
Let z be 6 + -3 + 6/3. Suppose 5*h = n + 76 - 3, z*h - 5*n = 85. Suppose h = c - 6. What is the highest common divisor of c and 30?
10
Let o be (-6)/(-99) - (-208630)/1023. Calculate the highest common divisor of o and 8.
4
Suppose 7*f = 774 + 4707. What is the highest common factor of 58 and f?
29
Let t(a) = -5*a**2 + 19*a + 9. Let s(b) = 26*b**2 - 96*b - 44. Let d(k) = -3*s(k) - 16*t(k). Let r be d(-6). What is the greatest common factor of r and 12?
12
Let r = -80 - -90. Suppose -v + 4*n = 2*v - 14, 0 = -2*v + 3*n + r. What is the highest common factor of 6 and v?
2
Suppose 190 = 3*k + 3*o - o, -61 = -k - 3*o. Let a = -52 - -58. Suppose -5*v = -46 + a. What is the greatest common factor of v and k?
8
Suppose -4*o = 4*a - 24, -5*a + 2 = 2*o - 7. Suppose 0 = o*j + 2438 + 5108. Let m be 1/2 + j/(-44). Calculate the highest common factor of m and 5.
5
Suppose 